remainder when q is divided by 3?
2
Let m = -24 - -30. Suppose 30 = -0*v + m*v. Calculate the remainder when 15 is divided by v.
0
Let h(z) = -11*z + 7. Let a be h(5). Let y = a + 61. What is the remainder when y is divided by 8?
5
Let i(l) = -6*l**2 + 94*l - 48. What is the remainder when 130 is divided by i(15)?
10
Suppose w - 5*p = -16 - 0, -4*w - 3*p = -28. Suppose -3*o + w*a = 68, -37 = 4*o - 3*a + 56. Calculate the remainder when -1*(o + 1)*1 is divided by 6.
5
Suppose 14*d = 2*d + 36. Suppose 4*n + 8 - 32 = 0. Calculate the remainder when n is divided by d.
0
Let s(x) = 7*x**3 - 2*x**2 + 19*x + 2. Let g(y) = 13*y**3 - 5*y**2 + 37*y + 4. Let d(k) = 6*g(k) - 11*s(k). Calculate the remainder when 23 is divided by d(6).
7
Let x(w) = -6*w + 17. Let m be (-14 + 5 - -3) + 3 + 0. Calculate the remainder when (1*69)/(1 - 0) is divided by x(m).
34
Let h = 41 - 39. Suppose 2*a - h = g + 4*g, -4*a + 5*g + 14 = 0. Calculate the remainder when 17 is divided by a.
5
Suppose 5*r - 23 = -3*a, -2*r = -0*a + 3*a - 11. What is the remainder when 115 is divided by r?
3
Let o(p) = -35*p**3 + 17*p**2 + 33*p + 4. What is the remainder when o(-3) is divided by 21?
16
Let l = 125 + -123. Let q = 22 + -17. What is the remainder when q is divided by l?
1
Suppose 4 = u - 1. Suppose u*w - 2 = 28. Suppose -2*b = -w*b + 264. What is the remainder when b is divided by 17?
15
Let p(c) be the first derivative of 17*c**2/2 - c + 2. What is the remainder when 47 is divided by p(1)?
15
Suppose -3*h = -2*y - 128, -h - 4*h + 208 = -2*y. What is the remainder when 141 is divided by h?
21
Let d = 405 + -307. What is the remainder when d is divided by 7?
0
Let v = -55 + 70. Suppose 3*u - 4*q - 28 = 0, -3*u = -5*u - 2*q. Calculate the remainder when v is divided by u.
3
Let l be 30*-4*(-6)/16. Suppose -4*o = -103 - l. Calculate the remainder when o is divided by 10.
7
Let d = -330 + 407. What is the remainder when d is divided by 2*(10 - 6/(-3))?
5
Let c(h) = -h**3 + 5*h**2 - 2*h - 4. What is the remainder when 15 is divided by c(3)?
7
Let k be 0 + (-2)/(1 + 1). Suppose -5*g + 2*h + 380 = 0, -4*h + 1 - 95 = -g. Calculate the remainder when g is divided by 20 + k + -3 + 3.
17
Suppose 11*p = 6*p + 5. Calculate the remainder when 44 is divided by p*(-19)/(-1) - 3.
12
Let w(r) = 6*r. Suppose 6*g = 3*g - 18. Let m be (-8)/g + 10/15. Calculate the remainder when 32 is divided by w(m).
8
What is the remainder when ((-60)/(-11))/((-56)/(-308)) is divided by 0 + 17 - (0 - -1)?
14
Let u be 0*(-4)/16 - -20. Suppose -i = -3*i + 154. Calculate the remainder when i is divided by (-315)/(-12) - 5/u.
25
Let o(l) = 5*l**2 + 2 - 2 + 3*l - 5. What is the remainder when 41 is divided by o(2)?
20
Suppose -3*j = -4*w + 2*j + 64, 0 = 2*w + j - 46. Let m(f) = -f**3 + 6*f**2 + 2*f - 1. What is the remainder when w is divided by m(6)?
10
Suppose 62*k + 1782 = 116*k. Calculate the remainder when 559 is divided by k.
31
Let h(o) = -3*o + 1. Let a be h(6). Let s = 0 - a. Calculate the remainder when s is divided by 10.
7
Let l = 9 + 20. Let a = l - 24. Suppose -5*r + 244 = 3*f, -r + 2*r = a*f + 32. What is the remainder when r is divided by 12?
11
What is the remainder when 34 is divided by (-9)/(-2)*2 - -3?
10
Suppose -4*r - 15 = -7*r. Let p(f) = -f**3 + 13*f**2 + f - 8. Calculate the remainder when r is divided by p(13).
0
Suppose 2*u + 3*p = -79, 0*u - 3*p = -3*u - 156. Let m = 57 + u. Calculate the remainder when 49 is divided by m.
9
Calculate the remainder when -1*(5 + -4 + -78) is divided by 13.
12
Let q(i) = -10*i + 165. What is the remainder when q(10) is divided by 40?
25
What is the remainder when 76 is divided by (133/(-38))/(1/(-2))?
6
Suppose z = 2*x - 200, 200 = 4*x - 4*z - 200. What is the remainder when 303 is divided by x?
3
Suppose -5*o - 67 = -3*u, 10*u - 8*u - 2*o = 42. Suppose -u*j = -24*j + 35. What is the remainder when 47 is divided by j?
5
Calculate the remainder when 76 is divided by -1*(-3)/(6/86).
33
Suppose 5*w - 5*q - 745 = 0, q + 16 = -w + 155. Suppose -h = 4*x - 38 - 103, -4*x + w = 4*h. What is the remainder when 67 is divided by x?
32
Suppose -2*m = 36*y - 31*y - 2987, -20 = 5*m. Calculate the remainder when y is divided by 50.
49
Let n = -36 - -81. Suppose -196 = -n*z + 41*z. Calculate the remainder when z is divided by 10.
9
Let n = -58 - -61. Let z be 7/(-4) + 3/(-12). Calculate the remainder when n is divided by (-1)/z*(-24)/(-6).
1
Suppose 3*f - 5*l - 133 = 0, 1 = -3*f - 5*l + 84. Let k = -106 + 176. Calculate the remainder when k is divided by f.
34
Let s = -38 - -43. Suppose -s*y + 49 = -36. What is the remainder when 50 is divided by y?
16
Suppose -5*j = 35 - 395. Suppose 121 + 2 = 5*i - z, -z - 23 = -i. What is the remainder when j is divided by i?
22
Suppose -4*y + 412 = 132. Let s(o) be the first derivative of o**3/3 + 2*o**2 + 15. What is the remainder when y is divided by s(-6)?
10
Suppose 5*v + 94 = 3*i + 10, -4*i = 3*v - 112. What is the remainder when (-3 + 1)*164/(-4) is divided by i?
26
Let p(a) = 8*a**2 + 1 - 4 + 1 - 4*a**2 - a**3. Let b = 56 + -31. What is the remainder when b is divided by p(3)?
4
Let u be 3*1*64/3. Let o = u + -40. Calculate the remainder when ((-491)/(-982))/((-91)/92 - -1) is divided by o.
22
Let c(r) = 19*r - 5. Let s = 6 + -1. Let g be c(s). Suppose 2*d - 6*a + 2*a = 40, 0 = 3*d + 4*a - g. Calculate the remainder when 49 is divided by d.
23
Let n(m) = m + 10. Let g be n(-7). Let z = 48 + 10. Calculate the remainder when z is divided by 2 - (-11 - 6/g).
13
Let l = -51 + 124. Let u = 102 - l. Calculate the remainder when u is divided by 15.
14
What is the remainder when (-7)/(-4) - 2 - (-2538)/72 is divided by 12?
11
Calculate the remainder when 54 is divided by (-248)/(-18) + 3*(-8)/(-108).
12
Let u = -232 - -255. What is the remainder when 33 is divided by u?
10
Let u = -459 + 541. What is the remainder when u is divided by 21?
19
Let n(w) be the first derivative of 13*w**3 + 3*w**2/2 + w - 26. What is the remainder when n(-1) is divided by 13?
11
Let p = 15 + -24. Calculate the remainder when p/6*212/(-6) is divided by (-84)/(-6) - (2 - 2).
11
Suppose 0*h + 2*h = 30. Suppose -21 = -3*g + h. Calculate the remainder when g is divided by 7.
5
Suppose 1535 + 935 = 26*u. What is the remainder when u is divided by 25?
20
Suppose 29 = 2*q - 91. Let x = 80 + -71. What is the remainder when q is divided by x?
6
Suppose -a + 8 = 4*k, -3*a + k + 25 = -38. What is the remainder when 58 is divided by a?
18
Suppose -73 = -9*k - 172. Let i = k - -19. What is the remainder when i is divided by 5?
3
Suppose -8*z - 85 = -13*z - 3*m, -4*z + 68 = 4*m. Calculate the remainder when 492 is divided by z.
16
Let t be ((-3276)/(-16))/(1/(-4)). Let u = 1166 + t. Suppose 5*l + 2 - u = 0. What is the remainder when l is divided by 14?
13
Suppose -14*y = -10*y - 108. Let n = y + -21. Let c = 8 + n. What is the remainder when 52 is divided by c?
10
Let n(i) be the second derivative of -i**3/3 - 4*i**2 - 9*i. Let o = 20 - 29. Calculate the remainder when 19 is divided by n(o).
9
Let w(v) = -v**3 + 14*v**2 - 9*v + 194. What is the remainder when w(14) is divided by 70/(-6)*(0 + -3)?
33
Suppose -4*x + 4*z = -204, 2*x + 2*z - z - 93 = 0. What is the remainder when x is divided by ((-2)/(-4) + -4)*(-30 + 26)?
6
Let a(i) be the first derivative of 27*i**2/2 + 40*i - 41. What is the remainder when a(5) is divided by 22?
21
Let z = 34 + -24. Let r = z + 1. Calculate the remainder when 32 is divided by r.
10
Suppose s + 18 - 8 = 0. Let a = 39 + s. What is the remainder when a is divided by 3?
2
What is the remainder when 161 is divided by (-3 + 2)/(-5*(-8)/(-440))?
7
Let v(o) = o**3 - 9*o**2 - 9*o - 10. Let q be v(10). Suppose q*l - 67 = -l. Calculate the remainder when l is divided by 34.
33
Suppose -14*z + 6037 = 59. Calculate the remainder when z is divided by 13.
11
Let d(x) = 15*x - 29. What is the remainder when 833 is divided by d(7)?
73
Let k = -200 + 281. What is the remainder when k is divided by 14?
11
What is the remainder when 134 is divided by ((-63)/42)/(6/(-136))?
32
Let d(u) = u**3 - 2*u**2 + 2*u - 2. Let x = -5 + 7. Let g be d(x). Calculate the remainder when 22 is divided by ((-3)/4)/(g/(-32)).
10
Let b = -2497 - -2561. Calculate the remainder wh